1148 and 4040400?
3108
Calculate the highest common divisor of 1682014 and 8906.
122
Calculate the highest common divisor of 4444069 and 53784.
83
What is the greatest common divisor of 10010777 and 532?
133
Calculate the greatest common factor of 2170977 and 178.
89
Calculate the greatest common divisor of 847966 and 16946.
74
Calculate the highest common divisor of 469096 and 7390936.
1528
What is the highest common factor of 1136 and 179361904?
1136
What is the greatest common divisor of 11080 and 26805290?
2770
What is the highest common divisor of 154 and 924726?
22
What is the highest common divisor of 2678 and 21634223?
1339
What is the highest common divisor of 3602786 and 18821?
319
Calculate the highest common factor of 12147677 and 381.
127
Calculate the greatest common factor of 90 and 6539545.
5
Calculate the highest common factor of 45 and 53588685.
15
Calculate the highest common factor of 36420914 and 46.
46
Calculate the greatest common factor of 579853152 and 3.
3
Calculate the highest common divisor of 1328528 and 2000516.
7724
Calculate the greatest common divisor of 10404 and 1454758.
34
What is the highest common factor of 2807175 and 385?
35
Calculate the highest common divisor of 883183 and 70812.
1967
Calculate the greatest common divisor of 45 and 2800512.
9
Calculate the highest common factor of 113344 and 4854311.
1771
What is the greatest common divisor of 9519 and 926611?
19
What is the highest common factor of 531183438 and 2826?
2826
Calculate the highest common factor of 75 and 21280005.
15
Calculate the greatest common factor of 1068082 and 25742.
422
What is the greatest common divisor of 475539 and 407856?
879
Calculate the highest common factor of 273308901 and 29469.
2679
Calculate the highest common factor of 9 and 380623.
1
Calculate the highest common divisor of 39129409 and 248.
31
What is the highest common divisor of 462 and 34525554?
42
What is the greatest common factor of 941235462 and 12?
6
What is the highest common factor of 6625040 and 60?
20
Calculate the greatest common divisor of 16857533 and 2257.
2257
Calculate the highest common factor of 9715764 and 86.
86
Calculate the greatest common divisor of 67496 and 2882.
22
Calculate the highest common divisor of 124126 and 2809.
53
What is the greatest common divisor of 4090484 and 4556?
268
What is the highest common factor of 1993088 and 815488?
2944
Calculate the highest common divisor of 2313728 and 194317.
4519
What is the greatest common divisor of 61323598 and 2?
2
What is the highest common factor of 17408 and 800224?
544
Calculate the highest common divisor of 6505039 and 10203.
179
Calculate the greatest common divisor of 1508502620 and 20.
20
Calculate the greatest common factor of 47 and 11397124.
47
What is the greatest common factor of 1510 and 3166490?
10
Calculate the greatest common factor of 34 and 13220101.
17
What is the highest common divisor of 4992 and 59866872?
312
What is the highest common divisor of 4596 and 3534?
6
Calculate the greatest common factor of 625401984 and 544.
544
Calculate the greatest common divisor of 135912733 and 542.
271
What is the highest common factor of 314 and 2835498814?
314
Calculate the greatest common divisor of 13538 and 10675680.
1934
What is the highest common factor of 23858498 and 14671?
863
What is the greatest common divisor of 1590 and 18150380?
530
What is the highest common factor of 56858782 and 491?
491
What is the greatest common factor of 1523132 and 15028?
884
Calculate the greatest common divisor of 3618459 and 117.
117
What is the highest common factor of 12 and 27604440?
12
What is the highest common factor of 308373 and 81510?
39
What is the highest common divisor of 10207206 and 18?
18
What is the greatest common divisor of 6520 and 29240570?
1630
Calculate the greatest common divisor of 850548464 and 1104.
368
Calculate the highest common divisor of 165512 and 18360.
136
What is the greatest common factor of 9695276 and 17739?
73
Calculate the highest common factor of 30563840 and 1630.
10
What is the highest common factor of 41511 and 1893066?
411
Calculate the greatest common divisor of 224 and 97244.
28
Calculate the greatest common divisor of 10116 and 396108.
36
What is the highest common factor of 37380 and 51781980?
5340
What is the greatest common divisor of 25881568 and 3904?
1952
What is the greatest common factor of 4963 and 6662473?
709
Calculate the greatest common divisor of 14194355 and 560.
35
What is the greatest common factor of 440 and 925095?
5
What is the highest common divisor of 1891 and 6514007?
61
Calculate the greatest common divisor of 133277716 and 533.
533
What is the highest common divisor of 49671175 and 75?
25
Calculate the highest common factor of 324495 and 11805.
15
What is the highest common divisor of 60000 and 7950?
150
What is the highest common divisor of 44418996 and 81?
27
What is the greatest common divisor of 1920059 and 9876?
823
What is the highest common factor of 1318 and 1185853366?
1318
Calculate the greatest common factor of 10 and 105932770.
10
What is the highest common factor of 1728 and 6336384?
192
What is the highest common factor of 2201 and 330832?
31
What is the greatest common divisor of 255584777 and 35?
7
Calculate the greatest common factor of 36307563 and 3264.
51
Calculate the highest common factor of 23765539 and 854.
427
Calculate the highest common divisor of 1262862 and 1734.
102
Calculate the highest common divisor of 1570 and 14096245.
785
What is the highest common divisor of 232914 and 2178?
66
What is the greatest common divisor of 37878 and 155685?
321
What is the greatest common divisor of 1038434 and 8?
2
Calculate the highest common divisor of 4460 and 856859660.
4460
Calculate the greatest common factor of 173641798 and 3412.
1706
Calculate the highest common divisor of 57647006 and 30604.
2186
Calculate the highest common divisor of 109182212 and 404.
404
What is the greatest common divisor of 85435 and 128100?
35
Calculate the greatest common factor of 15741728 and 209.
19
What is the greatest common divisor of 18162 and 22562249?
1009
What is the greatest common divisor of 48423585 and 3675?
105
Calculate the greatest common divisor of 23 and 139371766.
23
Calculate the greatest common divisor of 1794 and 7904208.
78
Calculate the highest common factor of 2101374600 and 2600.
2600
What is the greatest common factor of 1926 and 126260?
214
Calculate the highest common factor of 241480404 and 6072.
3036
Calculate the greatest common divisor of 138824 and 48709.
67
What is the greatest common factor of 15 and 3196120?
5
What is the greatest common divisor of 1737898 and 15789?
277
Calculate the highest common divisor of 2184 and 338403.
39
Calculate the highest common factor of 9231142 and 170438.
5498
What is the highest common factor of 26944 and 42094106?
842
Calculate the highest common divisor of 35584 and 891456.
64
Calculate the highest common divisor of 33169257 and 155034.
2673
What is the highest common divisor of 96870 and 28350?
30
Calculate the greatest common factor of 69 and 12352909.
23
Calculate the highest common divisor of 129884672 and 1024.
512
Calculate the highest common factor of 483 and 44588789.
161
What is the greatest common factor of 84630 and 4691323?
2821
What is the highest common divisor of 5 and 12231?
1
What is the greatest common factor of 27345890 and 1070?
10
What is the greatest common factor of 132441 and 1067781?
393
Calculate the greatest common factor of 28699 and 30107.
11
What is the highest common divisor of 296620 and 19340?
20
What is the highest common factor of 12819545 and 305?
5
What is the highest common factor of 12381197 and 1531?
1531
What is the greatest common factor of 23481 and 5395412?
2609
What is the greatest common factor of 7276669 and 679199?
1621
What is the highest common factor of 1194238 and 53938?
362
Calculate the highest common divisor of 1452 and 4919739.
363
Calculate the greatest common divisor of 771298 and 286.
22
What is the greatest common divisor of 4010675 and 2055?
685
What is the greatest common divisor of 49 and 1580073943?
49
What is the highest common divisor of 164520 and 17730?
90
Calculate the gre